{"id":1799,"date":"2022-10-21T10:11:03","date_gmt":"2022-10-21T09:11:03","guid":{"rendered":"http:\/\/www.preprod.drone-pro360.com\/?page_id=1799"},"modified":"2024-09-30T20:19:55","modified_gmt":"2024-09-30T19:19:55","slug":"comment-financer-sa-formation","status":"publish","type":"page","link":"https:\/\/www.preprod.drone-pro360.com\/index.php\/comment-financer-sa-formation\/","title":{"rendered":"Comment financer sa formation drone ? Finisterre , bretagne"},"content":{"rendered":"\t\t<div data-elementor-type=\"wp-page\" data-elementor-id=\"1799\" class=\"elementor elementor-1799\" data-elementor-post-type=\"page\">\n\t\t\t\t\t\t<section class=\"elementor-section elementor-top-section elementor-element elementor-element-d9dc3c1 elementor-section-full_width elementor-section-stretched elementor-section-height-default elementor-section-height-default\" data-id=\"d9dc3c1\" data-element_type=\"section\" data-e-type=\"section\" data-settings=\"{&quot;stretch_section&quot;:&quot;section-stretched&quot;,&quot;background_background&quot;:&quot;classic&quot;}\">\n\t\t\t\t\t\t<div class=\"elementor-container elementor-column-gap-no\">\n\t\t\t\t\t<div class=\"elementor-column elementor-col-50 elementor-top-column elementor-element elementor-element-e5dd970\" data-id=\"e5dd970\" data-element_type=\"column\" data-e-type=\"column\">\n\t\t\t<div class=\"elementor-widget-wrap elementor-element-populated\">\n\t\t\t\t\t\t<div class=\"elementor-element elementor-element-0988a60 elementor-widget elementor-widget-heading\" data-id=\"0988a60\" data-element_type=\"widget\" data-e-type=\"widget\" data-widget_type=\"heading.default\">\n\t\t\t\t<div class=\"elementor-widget-container\">\n\t\t\t\t\t<h2 class=\"elementor-heading-title elementor-size-default\">Comment Financer sa Formation?<br><\/h2>\t\t\t\t<\/div>\n\t\t\t\t<\/div>\n\t\t\t\t<div class=\"elementor-element elementor-element-1e7680b elementor-widget elementor-widget-text-editor\" data-id=\"1e7680b\" data-element_type=\"widget\" data-e-type=\"widget\" data-widget_type=\"text-editor.default\">\n\t\t\t\t<div class=\"elementor-widget-container\">\n\t\t\t\t\t\t\t\t\t<p>Notre organisme de formation est r\u00e9f\u00e9renc\u00e9, aupr\u00e8s de la DGAC, de l\u2019ANDC, FNDC, DATADOCK, \u00e9ducation nationale pour son enseignement a\u00e9ronautique BIA et CAEA, de la DIRECCT .<\/p><p>Nous nous occupons des prises en charge des dossiers p\u00f4le emploi, compte de formation CPF, entreprise OPCA, Fongecif, Opacif, Agefos, Fafiec, Afdas, Fafcea, Opcalia, etc<\/p>\t\t\t\t\t\t\t\t<\/div>\n\t\t\t\t<\/div>\n\t\t\t\t<div class=\"elementor-element elementor-element-3810638 elementor-widget elementor-widget-heading\" data-id=\"3810638\" data-element_type=\"widget\" data-e-type=\"widget\" data-widget_type=\"heading.default\">\n\t\t\t\t<div class=\"elementor-widget-container\">\n\t\t\t\t\t<h2 class=\"elementor-heading-title elementor-size-default\">Comment conna\u00eetre son organisme financeur ?<\/h2>\t\t\t\t<\/div>\n\t\t\t\t<\/div>\n\t\t\t\t<div class=\"elementor-element elementor-element-e1ea86a elementor-widget elementor-widget-text-editor\" data-id=\"e1ea86a\" data-element_type=\"widget\" data-e-type=\"widget\" data-widget_type=\"text-editor.default\">\n\t\t\t\t<div class=\"elementor-widget-container\">\n\t\t\t\t\t\t\t\t\t<p>Renseignez- vous aupr\u00e8s de l\u2019 OPCO.<\/p><p>c\u2019est votre accompagnateur de comp\u00e9tence , dont l\u2019objectif est d\u2019accompagner les entreprises et les branches professionnelles, dans leurs politiques de comp\u00e9tences. Vous pouvez vous renseignez aupr\u00e8s de votre employeur ou expert comptable, pour connaitre \u00e0 quel organisme vous appartenez. Nous nous occupons du reste.<\/p><p>Pour le CPF il suffit d\u2019aller sur votre compte de formation et valider la formation choisie.<\/p>\t\t\t\t\t\t\t\t<\/div>\n\t\t\t\t<\/div>\n\t\t\t\t\t<\/div>\n\t\t<\/div>\n\t\t\t\t<div class=\"elementor-column elementor-col-50 elementor-top-column elementor-element elementor-element-a937275\" data-id=\"a937275\" data-element_type=\"column\" data-e-type=\"column\">\n\t\t\t<div class=\"elementor-widget-wrap\">\n\t\t\t\t\t\t\t<\/div>\n\t\t<\/div>\n\t\t\t\t\t<\/div>\n\t\t<\/section>\n\t\t\t\t<\/div>\n\t\t","protected":false},"excerpt":{"rendered":"<p>Comment Financer sa Formation? Notre organisme de formation est r\u00e9f\u00e9renc\u00e9, aupr\u00e8s de la DGAC, de l\u2019ANDC, FNDC, DATADOCK, \u00e9ducation nationale pour son enseignement a\u00e9ronautique BIA et CAEA, de la DIRECCT . Nous nous occupons des prises en charge des dossiers p\u00f4le emploi, compte de formation CPF, entreprise OPCA, Fongecif, Opacif, Agefos, Fafiec, Afdas, Fafcea, Opcalia, &hellip; <\/p>\n<p class=\"link-more\"><a href=\"https:\/\/www.preprod.drone-pro360.com\/index.php\/comment-financer-sa-formation\/\" class=\"more-link\">Continuer la lecture<span class=\"screen-reader-text\"> de &laquo;&nbsp;Comment financer sa formation drone ? Finisterre , bretagne&nbsp;&raquo;<\/span><\/a><\/p>\n","protected":false},"author":4,"featured_media":0,"parent":0,"menu_order":0,"comment_status":"closed","ping_status":"closed","template":"","meta":{"footnotes":""},"class_list":["post-1799","page","type-page","status-publish","hentry"],"_links":{"self":[{"href":"https:\/\/www.preprod.drone-pro360.com\/index.php\/wp-json\/wp\/v2\/pages\/1799","targetHints":{"allow":["GET"]}}],"collection":[{"href":"https:\/\/www.preprod.drone-pro360.com\/index.php\/wp-json\/wp\/v2\/pages"}],"about":[{"href":"https:\/\/www.preprod.drone-pro360.com\/index.php\/wp-json\/wp\/v2\/types\/page"}],"author":[{"embeddable":true,"href":"https:\/\/www.preprod.drone-pro360.com\/index.php\/wp-json\/wp\/v2\/users\/4"}],"replies":[{"embeddable":true,"href":"https:\/\/www.preprod.drone-pro360.com\/index.php\/wp-json\/wp\/v2\/comments?post=1799"}],"version-history":[{"count":67,"href":"https:\/\/www.preprod.drone-pro360.com\/index.php\/wp-json\/wp\/v2\/pages\/1799\/revisions"}],"predecessor-version":[{"id":5068,"href":"https:\/\/www.preprod.drone-pro360.com\/index.php\/wp-json\/wp\/v2\/pages\/1799\/revisions\/5068"}],"wp:attachment":[{"href":"https:\/\/www.preprod.drone-pro360.com\/index.php\/wp-json\/wp\/v2\/media?parent=1799"}],"curies":[{"name":"wp","href":"https:\/\/api.w.org\/{rel}","templated":true}]}}

<div data-elementor-type="wp-page" data-elementor-id="1799" class="elementor elementor-1799" data-elementor-post-type="page">
						<section class="elementor-section elementor-top-section elementor-element elementor-element-d9dc3c1 elementor-section-full_width elementor-section-stretched elementor-section-height-default elementor-section-height-default" data-id="d9dc3c1" data-element_type="section" data-e-type="section" data-settings="{&quot;stretch_section&quot;:&quot;section-stretched&quot;,&quot;background_background&quot;:&quot;classic&quot;}">
						<div class="elementor-container elementor-column-gap-no">
					<div class="elementor-column elementor-col-50 elementor-top-column elementor-element elementor-element-e5dd970" data-id="e5dd970" data-element_type="column" data-e-type="column">
			<div class="elementor-widget-wrap elementor-element-populated">
						<div class="elementor-element elementor-element-0988a60 elementor-widget elementor-widget-heading" data-id="0988a60" data-element_type="widget" data-e-type="widget" data-widget_type="heading.default">
				<div class="elementor-widget-container">
					<h2 class="elementor-heading-title elementor-size-default">Comment Financer sa Formation?<br></h2>				</div>
				</div>
				<div class="elementor-element elementor-element-1e7680b elementor-widget elementor-widget-text-editor" data-id="1e7680b" data-element_type="widget" data-e-type="widget" data-widget_type="text-editor.default">
				<div class="elementor-widget-container">
									<p>Notre organisme de formation est référencé, auprès de la DGAC, de l’ANDC, FNDC, DATADOCK, éducation nationale pour son enseignement aéronautique BIA et CAEA, de la DIRECCT .</p><p>Nous nous occupons des prises en charge des dossiers pôle emploi, compte de formation CPF, entreprise OPCA, Fongecif, Opacif, Agefos, Fafiec, Afdas, Fafcea, Opcalia, etc</p>								</div>
				</div>
				<div class="elementor-element elementor-element-3810638 elementor-widget elementor-widget-heading" data-id="3810638" data-element_type="widget" data-e-type="widget" data-widget_type="heading.default">
				<div class="elementor-widget-container">
					<h2 class="elementor-heading-title elementor-size-default">Comment connaître son organisme financeur ?</h2>				</div>
				</div>
				<div class="elementor-element elementor-element-e1ea86a elementor-widget elementor-widget-text-editor" data-id="e1ea86a" data-element_type="widget" data-e-type="widget" data-widget_type="text-editor.default">
				<div class="elementor-widget-container">
									<p>Renseignez- vous auprès de l’ OPCO.</p><p>c’est votre accompagnateur de compétence , dont l’objectif est d’accompagner les entreprises et les branches professionnelles, dans leurs politiques de compétences. Vous pouvez vous renseignez auprès de votre employeur ou expert comptable, pour connaitre à quel organisme vous appartenez. Nous nous occupons du reste.</p><p>Pour le CPF il suffit d’aller sur votre compte de formation et valider la formation choisie.</p>								</div>
				</div>
					</div>
		</div>
				<div class="elementor-column elementor-col-50 elementor-top-column elementor-element elementor-element-a937275" data-id="a937275" data-element_type="column" data-e-type="column">
			<div class="elementor-widget-wrap">
							</div>
		</div>
					</div>
		</section>
				</div>

<p>Comment Financer sa Formation? Notre organisme de formation est référencé, auprès de la DGAC, de l’ANDC, FNDC, DATADOCK, éducation nationale pour son enseignement aéronautique BIA et CAEA, de la DIRECCT . Nous nous occupons des prises en charge des dossiers pôle emploi, compte de formation CPF, entreprise OPCA, Fongecif, Opacif, Agefos, Fafiec, Afdas, Fafcea, Opcalia, &hellip; </p>
<p class="link-more"><a href="https://www.preprod.drone-pro360.com/index.php/comment-financer-sa-formation/" class="more-link">Continuer la lecture<span class="screen-reader-text"> de &laquo;&nbsp;Comment financer sa formation drone ? Finisterre , bretagne&nbsp;&raquo;</span></a></p>
